ions digit of 2201587603?
1
What is the units digit of 47643666?
6
What is the tens digit of 1603453473?
7
What is the ten thousands digit of 16346432?
4
What is the tens digit of 2594623533?
3
What is the ten thousands digit of 163269425?
6
What is the units digit of 1252665910?
0
What is the ten thousands digit of 566096535?
9
What is the ten thousands digit of 104352028?
5
What is the tens digit of 479882928?
2
What is the hundred millions digit of 338548100?
3
What is the millions digit of 174700057?
4
What is the hundreds digit of 406230793?
7
What is the hundred thousands digit of 361693556?
6
What is the ten millions digit of 1335264924?
3
What is the hundreds digit of 29213371?
3
What is the hundred millions digit of 156606563?
1
What is the millions digit of 5362155072?
2
What is the ten thousands digit of 1628583018?
8
What is the ten millions digit of 6750830164?
5
What is the hundreds digit of 610396089?
0
What is the tens digit of 119237648?
4
What is the tens digit of 345709792?
9
What is the units digit of 4996146803?
3
What is the hundreds digit of 567413823?
8
What is the ten millions digit of 107088301?
0
What is the tens digit of 302592874?
7
What is the hundred thousands digit of 65799922?
7
What is the tens digit of 3048466299?
9
What is the thousands digit of 727110275?
0
What is the ten millions digit of 921216775?
2
What is the hundred millions digit of 178146519?
1
What is the units digit of 100456657?
7
What is the thousands digit of 243515044?
5
What is the tens digit of 1076892864?
6
What is the tens digit of 131591388?
8
What is the millions digit of 5386397906?
6
What is the thousands digit of 964312522?
2
What is the millions digit of 40354467?
0
What is the units digit of 214053127?
7
What is the millions digit of 406125497?
6
What is the ten millions digit of 25510216?
2
What is the hundreds digit of 789523429?
4
What is the hundreds digit of 56014294?
2
What is the ten millions digit of 8006427141?
0
What is the hundreds digit of 2208507794?
7
What is the ten millions digit of 489565949?
8
What is the hundred thousands digit of 34980108?
9
What is the tens digit of 199263162?
6
What is the hundred millions digit of 1106238094?
1
What is the units digit of 392920449?
9
What is the ten thousands digit of 4914030?
1
What is the billions digit of 1725149885?
1
What is the units digit of 586427555?
5
What is the millions digit of 679048449?
9
What is the units digit of 2481851682?
2
What is the millions digit of 37861830?
7
What is the units digit of 282431129?
9
What is the units digit of 622422868?
8
What is the tens digit of 62551453?
5
What is the hundreds digit of 38405032?
0
What is the tens digit of 214514318?
1
What is the hundred thousands digit of 37872895?
8
What is the hundred thousands digit of 28191754?
1
What is the hundreds digit of 64237764?
7
What is the billions digit of 2779287611?
2
What is the thousands digit of 75601200?
1
What is the units digit of 117438420?
0
What is the units digit of 793443128?
8
What is the ten millions digit of 239786846?
3
What is the units digit of 75641372?
2
What is the ten millions digit of 2183532805?
8
What is the thousands digit of 553820275?
0
What is the tens digit of 60958270?
7
What is the ten thousands digit of 698006594?
0
What is the thousands digit of 14144069?
4
What is the units digit of 40859821?
1
What is the units digit of 199087450?
0
What is the units digit of 217433634?
4
What is the units digit of 497366668?
8
What is the ten millions digit of 4388966747?
8
What is the ten thousands digit of 35774216?
7
What is the hundreds digit of 55594440?
4
What is the tens digit of 5232456?
5
What is the units digit of 95085320?
0
What is the millions digit of 54454530?
4
What is the ten millions digit of 8543979221?
4
What is the ten millions digit of 369404041?
6
What is the tens digit of 157494061?
6
What is the hundreds digit of 416736777?
7
What is the hundred thousands digit of 1177222545?
2
What is the ten thousands digit of 162457029?
5
What is the thousands digit of 2609184735?
4
What is the ten thousands digit of 4368914?
6
What is the units digit of 1497787083?
3
What is the millions digit of 829075941?
9
What is the ten thousands digit of 4346666399?
6
What is the millions digit of 42479733?
2
What is the hundred thousands digit of 73982712?
9
What is the millions digit of 5415065060?
5
What is the hundreds digit of 977346458?
4
What is the hundred millions digit of 491876707?
4
What is the hundred thousands digit of 200699281?
6
What is the hundred millions digit of 368350955?
3
What is the millions digit of 69305740?
9
What is the hundred thousands digit of 116191634?
1
What is the ten millions digit of 360354579?
6
What is the tens digit of 32778535?
3
What is the hundreds digit of 74470811?
8
What is the hundreds digit of 910796065?
0
What is the millions digit of 69920169?
9
What is the tens digit of 90870303?
0
What is the units digit of 86595166?
6
What is the tens digit of 1217745736?
3
What is the hundreds digit of 46929554?
5
What is the hundred thousands digit of 613009389?
0
What is the hundred thousands digit of 24455966?
4
What is the units digit of 103909127?
7
What is the hundreds digit of 197881064?
0
What is the ten thousands digit of 2440344111?
4
What is the tens digit of 2706870758?
5
What is the hundreds digit of 61988879?
8
What is the tens digit of 32098979?
7
What is the ten millions digit of 1298831100?
9
What is the units digit of 413497654?
4
What is the ten thousands digit of 1036309950?
0
What is the thousands digit of 13063699?
3
What is the hundred millions digit of 1044756889?
0
What is the thousands digit of 534898774?
8
What is the ten thousands digit of 1063370348?
7
What is the hundred thousands digit of 25978851?
9
What is the hundred millions digit of 178776590?
1
What is the hundred thousands digit of 122094325?
0
What is the hundred thousands digit of 42023945?
0
What is the hundreds digit of 6611716?
7
What is the tens digit of 988411673?
7
What is the tens digit of 46008816?
1
What is the units digit of 81250617?
7
What is the ten thousands digit of 977582532?
8
What is the ten millions digit of 78599014?
7
What is the ten millions digit of 259289169?
5
What is the hundred millions digit of 1584802519?
5
What is the hundreds digit of 78288347?
3
What is the billions digit of 2159657666?
2
What is the billions digit of 1211321912?
1
What is the hundreds digit of 474241335?
3
What is the hundred thousands digit of 38490846?
4
What is the ten thousands digit of 34329187?
2
What is the ten thousands digit of 40819655?
1
What is the ten millions digit of 2575670369?
7
What is the tens digit of 52509391?
9
What is the ten millions digit of 90694901?
9
What is the hundred thousands digit of 114833052?
8
What is the hundred thousands digit of 61560896?
5
What is the tens digit of 3922448850?
5
What is the thousands digit of 1567284287?
4
What is the units digit of 82068547?
7
What is the millions digit of 30644235?
0
What is the hundred thousands digit of 263845483?
8
What is the units digit of 173061270?
0
What is the units digit of 217646314?
4
What is the millions digit of 31218760?
1
What is the hundreds digit of 276645540?
5
What is the thousands digit of 1705191884?
1
What is the hundreds digit of 70734555?
5
What is the ten thousands digit of 147061738?
6
What is the hundred thousands digit of 32580880?
5
What is the ten thousands digit of 832321?
3
What is the ten thousands digit of 631733010?
3
What is the billions digit of 4399144527?
4
What is the hundred thousands digit of 5088471768?
4
What is the hundred thousands digit of 344524287?
5
What is the hundred millions digit of 1536751874?
5
What is the thousands digit of 68532778?
2
What is the ten thousands digit of 1027338684?
3
What is the ten thousands digit of 18455237?
5
What is the thousands digit of 227387716?
7
What is the thousands digit of 2883980827?
0
What is the units digit of 64982132?
2
What is the units digit of 1376306067?
7
What is the thousands digit of 44670892?
0
What is the hundred thousands digit of 8010086256?
0
What is the units digit of 56950591?
1
What is the thousands digit of 5994366266?
6
What is the millions digit